3 + 66*w**2 - 629*w + 32. What is the tens digit of v(10)?
4
Let v be (16/24)/(4/(-7530)). Let r = 2081 + v. What is the hundreds digit of r?
8
Suppose 10*u + 15 = 5*u, v = -u + 22518. What is the ten thousands digit of v?
2
Let l = 221 + 1057. Suppose 5*d - 4 = 6, -5*d = 4*s - l. What is the hundreds digit of s?
3
What is the thousands digit of ((-75)/6*2)/(-2*(-1)/(-340))?
4
Let r(o) = 3*o**2 + 13*o + 50. Let u be r(13). Suppose c + 4*t - 227 = -39, 0 = 4*c + 3*t - u. What is the hundreds digit of c?
1
Suppose -17*q - 4 = -21*q. Suppose -5*u + q - 11 = 0, 5*u + 1210 = 3*i. What is the units digit of i?
0
Suppose 15*y - 52*y + 312086 = 72474. What is the tens digit of y?
7
Let c(z) = -5*z**2 + 2*z - 228. Let s be c(0). Let j = 483 + s. What is the tens digit of j?
5
Suppose 55 = 2*l + 51. Suppose -c = -5*c - v, 2*v = -l*c. What is the tens digit of (-2180)/(-26) + 10/65 + c?
8
Let z(a) = -1986*a**3 + 2*a**2 - 5*a + 3. Let f be z(1). What is the tens digit of (1 - 15/21) + f/(-7)?
8
Suppose 34 = 2*m - 4*r, 0*r + 5*r + 20 = 0. Suppose 5*i - 604 = m*i. Let a = 282 + i. What is the units digit of a?
1
Let h(z) = 2*z**2 - z - 28. Let r be h(8). Let j = r - 46. Suppose 4*f - 229 = 3*u, -f + j = -u - 2*u. What is the units digit of f?
1
Let b(q) = -214*q - 7. Let p be b(-1). Suppose 196*h = p*h - 6237. What is the hundreds digit of h?
5
Suppose -21*q - 51170 = -167825. Suppose 4165 = 3*s + g, -3*s - 3*g + q = s. What is the hundreds digit of s?
3
Suppose -284*s = -5*y - 280*s + 60758, -2*y - 2*s = -24278. What is the ten thousands digit of y?
1
Let a be 7*(-4 + 120/28). Let p = 408 - -20. Suppose 4*i - a*l - p = -l, -4*l + 90 = i. What is the units digit of i?
6
Let n = -540 - -579. Suppose -18 = -5*r - 5*c + 17, 3*c + n = 3*r. What is the tens digit of r?
1
Let q be (-36)/(-21) + 1 + (-12)/(-42). Suppose q*i = p + 49, 9*i - 6*i - 5*p - 29 = 0. What is the tens digit of i/48 - (-2125)/8?
6
Suppose 3*q = 2*o - 2*q - 172, 0 = 4*q. Let f = -84 + o. Suppose -2*u = -4*m + 4 - 0, -f*u = -2*m + 2. What is the units digit of m?
1
Let b = 568 + -566. What is the hundreds digit of b/5 + (-159400)/(-250)?
6
Let g be (-1)/3 + (170/15 - -7). Suppose -g = 5*b + b. What is the hundreds digit of (11 - 428)*(5/b - -1)?
2
Suppose 8*p = p + 12*p - 235575. What is the hundreds digit of p?
1
Let b = -11282 - -14520. What is the hundreds digit of b?
2
Suppose -58191 = -2*r - v - 7798, -25179 = -r + 2*v. What is the thousands digit of r?
5
Suppose 0 = -5*a - j + 1175, 2*a = 3*a + j - 231. Suppose -p = -936 + a. What is the tens digit of p?
0
Let l(v) = -v**3 - 3*v**2 + 8*v + 37. Let t be l(-3). Let u(m) = 35*m - 138. What is the tens digit of u(t)?
1
Let g = -149 + 152. Suppose 0 = -g*m + 421 + 263. What is the units digit of m?
8
Suppose -5*y = 2*a + 2105, 0 = -15*a + 12*a + 4*y - 3192. Let h = a + 1965. What is the hundreds digit of h?
9
Let r = -39 - -43. Suppose 0*w = -a - r*w - 87, 2*a - 4*w + 174 = 0. Let k = -62 - a. What is the units digit of k?
5
What is the units digit of (-5)/50 - (-3106363)/430?
4
What is the tens digit of (8700/28 + 12/42)/(18/4176)?
5
Let l(h) = -15*h + 24. Let y(k) be the third derivative of -k**4/24 - 4*k**3/3 + 25*k**2. Let v be y(-1). What is the tens digit of l(v)?
2
Let x(t) = 10*t**2 + 40*t - 109. What is the thousands digit of x(10)?
1
Suppose -24*q = -35*q + 18*q - 69755. What is the thousands digit of q?
9
Let w(t) = 15*t**2 - 5*t - 105. Let l(h) = 29*h + 214. Let i be l(-7). What is the hundreds digit of w(i)?
6
Suppose -6 = -3*l - 0*l. Let z(v) be the third derivative of 43*v**4/24 - 90*v**2. What is the units digit of z(l)?
6
Let k(g) = 249*g + 1581. What is the thousands digit of k(38)?
1
Let x = 22643 - 9959. What is the ten thousands digit of x?
1
Let z(j) = -2*j**2 - 17*j - 8. Suppose -3 = g + 5. Let w be z(g). Suppose q - 5*q + 552 = w. What is the tens digit of q?
3
Let q(b) = 9*b + 0*b**2 + 11*b - 12 - b**2 - 6*b. Let p be q(7). Suppose -3*f + p = -59. What is the units digit of f?
2
Let h = 12648 - 1670. What is the hundreds digit of h?
9
Suppose 10*j + 21*j + 9*j = 929200. What is the thousands digit of j?
3
Let k(h) be the second derivative of 355*h**3/3 + 15*h**2/2 - 67*h. What is the units digit of k(1)?
5
Let v = -3412 - -6614. What is the units digit of v?
2
Let z be (-54)/126 - (-1056)/14. Let i = z - 1. Suppose 0 = 3*r - 10 - 2, -2*m + i = -2*r. What is the tens digit of m?
4
Let w be (-2)/18*0 - 9. What is the thousands digit of (-16)/(2*w/1179)?
1
Let u = -32 + 32. Let l be (u*3/(-6))/(-3 + 4). What is the units digit of -111*(-1 + l/(-4))/1?
1
Suppose -10 + 10 = -4*n. Let c(k) = -k**2 + 2*k + 16. Let i be c(5). What is the units digit of ((-2)/6)/(i/(-57)) + n?
9
Let c(z) = 6*z - 103. Let j be c(22). Suppose j*t = 22*t + 1659. What is the hundreds digit of t?
2
Suppose 2*q = 2*v - 4, 9 = -4*v - 4*q + 1. Let d(l) be the first derivative of 3*l**2/2 + 103*l + 10. What is the hundreds digit of d(v)?
1
Let g(s) = s**3 + 10*s**2 + 18*s - 5. Let q be (-2 - -5) + (1 - (2 + 9)). What is the units digit of g(q)?
6
Let t(w) = 412*w**2 - 2652*w + 18. What is the thousands digit of t(14)?
3
Suppose -2*i - 435 = g, 4*i + g - 2*g + 861 = 0. Let z = i - -760. What is the tens digit of z?
4
Let p be 3 + 0 + (-10 - -4)/6. Let j be ((-204)/(-2))/(p*6/18). Suppose -4*y - 2*o + 302 = 0, -3*o - j = -2*y - 6*o. What is the tens digit of y?
7
Suppose -h - 20 = -5*h + 4*b, -4*b = -3*h + 17. Suppose -5*z = 24*o - 22*o - 107, -h*z - 213 = -3*o. What is the tens digit of o?
6
Let f be 15 - 7/((-35)/(-10)). Suppose 5*d + 1448 = f*d. What is the units digit of d?
1
Suppose 5*m + 40 = 5*a, 0 = a - 5*m - 9 - 7. Let l(f) = 1 + 18 + 1 - a*f. What is the tens digit of l(-7)?
6
Suppose 3*t - 2*t - 489 = 0. Let h = t - 229. Suppose 70 = -2*u + h. What is the units digit of u?
5
Let t(w) = -79*w**2 + w + 2. Let o be t(-1). Let c = -81 + 22. Let x = c - o. What is the tens digit of x?
1
Let i be 6/9 - 132/9. Let l(r) = 7*r**2 - 41*r + 23. Let s(m) = -3*m**2 + 20*m - 12. Let q(c) = -4*l(c) - 9*s(c). What is the tens digit of q(i)?
4
Let t = 496 - 398. Suppose 0 = t*g - 87*g - 16841. What is the units digit of g?
1
Let f(j) = 509*j**2 - 79*j + 250. What is the tens digit of f(3)?
9
Let w = -7819 + 15507. What is the hundreds digit of w?
6
Let h(w) = 757*w**2 - 128*w + 366. What is the tens digit of h(3)?
9
Let c = 166 + -160. What is the units digit of 47 + 7/(21/c)?
9
Let j(b) = -15*b + 14. Suppose 2*a + 4*v = 6*a + 16, 5*a + 3*v = 20. Suppose 2*h + 13 = -a. What is the tens digit of j(h)?
1
Let j(g) = -2*g**2 - 20 - 11*g**2 + 0*g**2 - g**3 + 3*g**2 - 4*g. Let b be j(-10). Suppose -2*v + 0 = -b. What is the tens digit of v?
1
Suppose -2*w + 2 = 0, -5*w + 29 = 5*y - 11. Let j(x) = -x**2 + 8*x - 4. Let q be j(y). Suppose 100 = q*u - 14. What is the tens digit of u?
3
Suppose -2*j - 4*j + 327448 = 16*j. What is the tens digit of j?
8
Let l(r) = r**2 + r - 9. Let p be l(3). Suppose -p*c + 24 = c. Suppose c = -2*i, 3*d - 5*i - 22 - 20 = 0. What is the units digit of d?
9
Suppose 206 = k + 203. Suppose k*y = -5*b + y + 901, 4*y - 354 = -2*b. What is the hundreds digit of b?
1
Let z(s) = 33*s**3 - s**2 - s. Let o(q) = 100*q**3 - 4*q**2 - 4*q + 1. Let d(m) = -2*o(m) + 7*z(m). What is the units digit of d(2)?
2
Suppose 18*f - 25*f + 29064 = 0. Suppose 5*v + j = f, -2*j - 9 = j. Suppose 126 = -5*q + v. What is the hundreds digit of q?
1
Let m(d) be the first derivative of 130*d**3 + 9*d**2/2 + 8*d + 58. What is the hundreds digit of m(-1)?
3
Suppose -426*p + 10672305 = -5436459. What is the thousands digit of p?
7
Suppose -v + 42332 = 5*u, u + 169442 = 4*v + 2*u. What is the units digit of v?
2
What is the tens digit of (-324848982)/(-8890) - 4/(-70)?
4
Let l(i) = i - 13. Let c be l(5). Let f(v) = -9*v - 36. What is the tens digit of f(c)?
3
Let c(o) = 16*o**2 - 2*o + 10. Suppose 0 = -14*g + 8*g + 18. Let y be c(g). Suppose 0 = 3*d + y - 409. What is the units digit of d?
7
Suppose -3989*v + 3965*v = -1802448. What is the hundreds digit of v?
1
Let g = 16756 + -9983. What is the hundreds digit of g?
7
Let y = -167 - -111. Let n be (-6)/(-21) - (-464)/y. Let q(m) = 2*m**2 - 10*m - 24. What is the hundreds digit of q(n)?
1
Suppose 6*a + 90 = 8*a. Suppose 